87526
What is -3b97bb (base 15) in base 8?
-12737666
What is -1313103310 (base 4) in base 15?
-99be7
1001100111110100 (base 2) to base 5
2230122
What is 35b259 (base 14) in base 11?
104462a
What is 10001100001010011 (base 2) in base 8?
214123
What is 1101000101110000000100 (base 2) in base 4?
31011300010
Convert -10111101011101100001 (base 2) to base 4.
-2331131201
What is -1ec13c (base 15) in base 10?
-1508907
What is -324530 (base 6) in base 3?
-1101000100
What is -10010102122202 (base 3) in base 14?
-3138d0
Convert 1350203 (base 6) to base 14.
1dc71
Convert -1110000001000001 (base 2) to base 14.
-16cc9
What is 2455e2 (base 15) in base 2?
110101000101011000110
What is -7a6b05 (base 13) in base 7?
-33434646
3489bb (base 12) to base 8
3161637
Convert 1ce22a (base 16) to base 4.
13032020222
What is -b68fe5 (base 16) in base 8?
-55507745
Convert -4730b (base 16) to base 4.
-1013030023
What is -11923c (base 16) in base 11?
-7171a2
Convert 140886 (base 11) to base 7.
1606242
What is 511970 (base 11) in base 16?
c8c79
Convert -1010111111001001000 (base 2) to base 4.
-1113321020
What is -11110012121 (base 3) in base 13?
-30b6b
-da4c (base 14) to base 11
-26363
What is -421454 (base 6) in base 8?
-102452
What is 1001001112120 (base 3) in base 8?
2066466
Convert -140b444 (base 12) to base 4.
-33100302310
Convert 391121 (base 10) to base 7.
3216203
Convert -129965 (base 12) to base 16.
-4b01d
Convert -299e1 (base 15) to base 5.
-13240421
a8725 (base 12) to base 5
24102341
359c4 (base 13) to base 7
556506
102320103 (base 4) to base 10
77331
What is 89262 (base 10) in base 2?
10101110010101110
What is -18165368 (base 9) in base 14?
-12dba90
Convert a1c118 (base 14) to base 13.
118a747
Convert -1241a (base 15) to base 7.
-331654
Convert 1200234 (base 7) to base 5.
14321021
What is -203012013221 (base 4) in base 14?
-1316b45
1b9f0 (base 16) to base 14
2d332
What is -61b19 (base 12) in base 5?
-13041444
-664 (base 15) to base 9
-1874
14435514 (base 7) to base 12
561179
bd23 (base 16) to base 5
3022134
-2d9a62 (base 15) to base 13
-5c4968
Convert 3263020 (base 7) to base 14.
a6710
Convert 1334010 (base 9) to base 13.
1c7a7b
What is 3944 (base 12) in base 11?
49a9
Convert 100111101101001110001000 (base 2) to base 14.
154d448
Convert 1230201203 (base 4) to base 11.
283a75
Convert 222999 (base 11) to base 7.
3006460
11101000010010111 (base 2) to base 9
201130
Convert 1422034143 (base 5) to base 15.
4d2e18
Convert 12211302332 (base 4) to base 6.
101010302
Convert -3331208 (base 9) to base 6.
-102224312
What is 80d819 (base 15) in base 10?
6120699
-100111010111010 (base 2) to base 8
-47272
What is 3215b78 (base 12) in base 8?
44140514
What is 3a735 (base 13) in base 3?
12112100121
-4707516 (base 11) to base 14
-1140cba
Convert 780621 (base 15) to base 9.
11681104
Convert 10121120223 (base 4) to base 12.
476ba3
What is -67650b (base 12) in base 6?
-55203215
What is 11201111122 (base 3) in base 13?
33401
Convert -186b2 (base 13) to base 2.
-1011100011000000
Convert 1d6957 (base 15) to base 11.
8a3871
Convert -202100100102 (base 3) to base 14.
-a5d35
Convert 709a9 (base 11) to base 6.
2120023
Convert -40010504 (base 6) to base 8.
-4215710
Convert 29679 (base 11) to base 2.
1010010001011001
-100011101000001111101 (base 2) to base 7
-12631514
-43b0 (base 16) to base 5
-1023303
Convert 32115045 (base 7) to base 4.
22121233203
-663016 (base 9) to base 14
-a439c
What is 104204 (base 11) in base 3?
22110120011
What is -1014232220 (base 5) in base 9?
-3853581
What is -323123132111 (base 4) in base 6?
-1313525045
1073206 (base 8) to base 5
33324421
Convert 10001010110001111 (base 2) to base 6.
1304543
-2000020211 (base 4) to base 5
-113243322
What is 106a4b (base 12) in base 9?
436545
1130851 (base 11) to base 2
111100010110011010111
Convert -114c18 (base 13) to base 6.
-12445203
What is 3583 (base 14) in base 16?
246f
-909681 (base 11) to base 9
-2667745
What is 35014533 (base 6) in base 12?
43a449
Convert -34c92 (base 13) to base 5.
-11042433
Convert 35132226 (base 7) to base 3.
12210200000200
What is -120232302 (base 5) in base 8?
-2074477
What is 147a2 (base 13) in base 10?
38664
Convert 114102344 (base 5) to base 11.
335823
Convert -238309 (base 11) to base 16.
-5c0d5
What is 161 (base 7) in base 13?
71
What is 268c23 (base 15) in base 8?
7041511
352b4 (base 12) to base 16
11668
-16434545 (base 7) to base 5
-402334033
What is -111011100110111010 (base 2) in base 6?
-5122202
What is -8354007 (base 9) in base 16?
-441f13
111013322322 (base 4) to base 2
10101000111111010111010
What is 66152 (base 7) in base 13?
76c1
32160512 (base 8) to base 11
3975112
What is -312113333 (base 4) in base 13?
-7a4b3
Convert -112a18 (base 11) to base 10.
-179583
-d35d41 (base 15) to base 10
-10043611
Convert 1021102203 (base 4) to base 9.
506710
Convert 19609 (base 11) to base 4.
12223123
Convert 6850ac (base 13) to base 4.
21122120231
-125431041 (base 6) to base 4
-21210103201
What is 1151008 (base 9) in base 3?
1011201000022
Convert -c1d2 (base 15) to base 10.
-40922
Convert 1001101001100001000 (base 2) to base 6.
10435424
What is 29c28 (base 14) in base 9?
167482
What is 37765 (base 14) in base 3?
20220102222
What is 11111113130 (base 4) in base 6?
45545152
-1200123 (base 4) to base 8
-14033
What is 327710 (base 9) in base 11?
124245
-4314302030 (base 5) to base 12
-3086300
What is 22302120 (base 4) in base 14?
12160
Convert -51c22 (base 13) to base 2.
-100011111001110010
-112230110111 (base 4) to base 13
-130384a
133032010 (base 4) to base 8
371604
Convert -1331265 (base 9) to base 16.
-b2085
-133200112 (base 4) to base 16
-1f816
What is 90 (base 16) in base 4?
2100
-44155634 (base 7) to base 11
-2162779
-1101001001011111 (base 2) to base 14
-158ab
-234012415 (base 6) to base 3
-22020220120202
35196d (base 14) to base 4
12321323231
-100000002200 (base 3) to base 14
-48827
What is 2532553 (base 7) in base 2?
1001111111101010001
What is 39167 (base 12) in base 4?
103002133
Convert 22150153 (base 8) to base 6.
250140203
What is 115d20 (base 15) in base 7?
10024221
Convert 324551100 (base 6) to base 3.
101222020120100
What is 110010111010111 (base 2) in base 10?
26071
What is -353473 (base 8) in base 5?
-12330020
What is -279e0 (base 15) in base 8?
-370206
Convert 10646 (base 9) to base 8.
15661
What is -20110212 (base 3) in base 12?
-2895
What is -10622013 (base 7) in base 15?
-1357c3
Convert 119a421 (base 13) to base 15.
7330d4
What is 167080 (base 11) in base 4?
333003332
88da1 (base 15) to base 3
211002210221
What is 20300320310 (base 4) in base 12?
929618
Convert 199a13 (base 16) to base 5.
412142333
213075 (base 10) to base 5
23304300
Convert 8f014 (base 16) to base 8.
2170024
Convert 153335 (base 6) to base 12.
884b
58215 (base 12) to base 4
130300301
What is -ee93a (base 15) in base 6?
-24125344
What is 5412526 (base 7) in base 11?
40aa92
What is -6910b7 (base 16) in base 11?
-398324a
-18487 (base 12) to base 7
-204511
378780 (base 9) to base 11
147508
Convert 1520062 (base 7) to base 8.
623302
What is 1a4a3c (base 13) in base 12?
2822b4
What is 72360 (base 10) in base 16?
11aa8
Convert 41b5c (base 16) to base 12.
10b910
What is 958261 (base 10) in base 4?
3221330311
Convert -321511425 (base 6) to base 14.
-a801bb
-141012110 (base 6) to base 16
-2b742a
1607442 (base 9) to base 15
1290d5
Convert -10100010000110100 (base 2) to base 16.
-14434
bd7d (base 16) to base 15
e58e
Convert 39b587 (base 13) to base 15.
1c89a1
649048 (base 12) to base 2
110000100100011111000
What is -3a6d7 (base 14) in base 8?
-431265
-1aa57b4 (base 12) to base 11
-3238084
What is 1010020002 (base 4) in base 16?
44202
What is -210213341 (base 6) in base 10?
-3656797
What is -10b2a (base 15) in base 14?
-1551a
Convert dc985 (base 16) to base 5.
212403212
-4815381 (base 11) to base 10
-8396400
10110110010010101111 (base 2) to base 12
300127
What is -372220 (base 8) in base 3?
-20111210002
-2213302 (base 4) to base 5
-320423
Convert 3100102 (base 4) to base 12.
786a
1166b5 (base 16) to base 15
177d70
What is -1217320 (base 9) in base 5?
-132131324
Convert -2ab581a (base 13) to base 14.
-1b66291
Convert -535bb (base 13) to base 14.
-3cb47
-12312112 (base 5) to base 12
-592b5
Convert 21201221122201 (base 3) to b